 divisor of 12 and 1824?
12
What is the highest common factor of 5 and 5?
5
Calculate the highest common divisor of 2 and 29.
1
Calculate the highest common factor of 232 and 1682.
58
What is the greatest common factor of 1260 and 918?
18
What is the greatest common factor of 448 and 49?
7
What is the greatest common divisor of 168 and 2436?
84
What is the greatest common factor of 494 and 25194?
494
What is the highest common divisor of 410 and 80?
10
What is the greatest common divisor of 5794 and 4?
2
What is the greatest common divisor of 384 and 112?
16
Calculate the highest common divisor of 4 and 4376.
4
What is the highest common factor of 112 and 5656?
56
Calculate the greatest common factor of 154 and 896.
14
What is the highest common divisor of 7 and 567?
7
What is the greatest common factor of 59 and 118?
59
Calculate the highest common divisor of 8 and 25304.
8
What is the greatest common divisor of 5994 and 148?
74
What is the greatest common divisor of 32 and 27616?
32
What is the highest common factor of 126 and 27?
9
Calculate the highest common factor of 56 and 35.
7
Calculate the greatest common factor of 760 and 4.
4
What is the highest common divisor of 6 and 46?
2
Calculate the greatest common factor of 11 and 4829.
11
Calculate the greatest common factor of 20 and 80.
20
What is the greatest common factor of 40 and 370?
10
What is the greatest common divisor of 1836 and 135?
27
What is the highest common factor of 616 and 5368?
88
What is the greatest common divisor of 71 and 923?
71
Calculate the greatest common divisor of 6 and 582.
6
What is the greatest common factor of 10 and 110?
10
Calculate the highest common divisor of 7 and 175.
7
Calculate the highest common factor of 50 and 170.
10
What is the highest common divisor of 201 and 536?
67
Calculate the highest common factor of 184 and 5888.
184
What is the greatest common factor of 96 and 16224?
96
Calculate the highest common factor of 85 and 6715.
85
Calculate the greatest common factor of 1788 and 12.
12
Calculate the highest common factor of 441 and 567.
63
What is the highest common factor of 78 and 234?
78
What is the greatest common divisor of 403 and 62?
31
Calculate the greatest common factor of 254 and 3937.
127
What is the greatest common divisor of 18 and 14?
2
What is the greatest common divisor of 6 and 2800?
2
What is the highest common divisor of 64 and 16?
16
Calculate the highest common factor of 31 and 279.
31
What is the highest common divisor of 3654 and 378?
126
What is the highest common factor of 10486 and 428?
214
What is the highest common factor of 856 and 749?
107
What is the greatest common divisor of 903 and 42?
21
What is the greatest common factor of 1136 and 71?
71
What is the highest common factor of 9 and 279?
9
Calculate the greatest common divisor of 11 and 1.
1
What is the highest common divisor of 4 and 164?
4
What is the highest common divisor of 60 and 220?
20
What is the greatest common factor of 17089 and 138?
23
What is the highest common factor of 2 and 2522?
2
Calculate the greatest common factor of 2892 and 120.
12
Calculate the highest common divisor of 17300 and 75.
25
Calculate the highest common divisor of 61 and 128.
1
Calculate the greatest common factor of 8124 and 12.
12
Calculate the greatest common factor of 27 and 31.
1
What is the highest common factor of 108 and 1236?
12
Calculate the highest common divisor of 469 and 7.
7
What is the greatest common divisor of 1384 and 519?
173
What is the greatest common factor of 217 and 13888?
217
Calculate the greatest common divisor of 320 and 200.
40
What is the greatest common factor of 567 and 35?
7
What is the greatest common divisor of 8968 and 24?
8
What is the greatest common divisor of 8 and 640?
8
Calculate the highest common factor of 52 and 1534.
26
What is the greatest common divisor of 3237 and 78?
39
Calculate the highest common factor of 168 and 198.
6
Calculate the highest common factor of 94 and 423.
47
Calculate the highest common factor of 312 and 208.
104
Calculate the highest common factor of 36 and 2796.
12
Calculate the highest common factor of 1870 and 1360.
170
Calculate the highest common divisor of 30 and 5.
5
What is the highest common divisor of 32 and 1056?
32
Calculate the highest common divisor of 4556 and 68.
68
What is the greatest common factor of 1105 and 195?
65
What is the highest common divisor of 15 and 405?
15
Calculate the greatest common divisor of 79 and 158.
79
Calculate the greatest common divisor of 1651 and 635.
127
Calculate the greatest common divisor of 18 and 882.
18
Calculate the greatest common factor of 15 and 50820.
15
What is the highest common factor of 63 and 1911?
21
Calculate the greatest common factor of 273 and 105.
21
Calculate the highest common factor of 1498 and 238.
14
What is the highest common divisor of 149 and 59749?
149
Calculate the highest common divisor of 1027 and 1209.
13
What is the highest common divisor of 3528 and 2268?
252
What is the highest common factor of 29 and 493?
29
What is the greatest common divisor of 192 and 512?
64
Calculate the greatest common divisor of 60 and 3620.
20
What is the highest common factor of 20 and 158?
2
Calculate the greatest common divisor of 1386 and 3.
3
Calculate the greatest common factor of 2015 and 13.
13
What is the highest common divisor of 332 and 32?
4
What is the greatest common factor of 162 and 2997?
81
Calculate the highest common factor of 8 and 1008.
8
What is the greatest common factor of 3434 and 272?
34
Calculate the greatest common factor of 145 and 116.
29
Calculate the greatest common factor of 483 and 84.
21
Calculate the highest common factor of 1035 and 480.
15
What is the highest common divisor of 4450 and 50?
50
Calculate the highest common factor of 221 and 78.
13
Calculate the highest common divisor of 165 and 1419.
33
What is the greatest common factor of 2 and 64?
2
What is the highest common divisor of 204 and 66?
6
Calculate the highest common factor of 1863 and 368.
23
What is the highest common divisor of 44 and 2288?
44
Calculate the highest common divisor of 368 and 207.
23
Calculate the greatest common divisor of 35 and 21.
7
Calculate the greatest common divisor of 33277 and 214.
107
Calculate the greatest common factor of 392 and 224.
56
What is the highest common factor of 260 and 585?
65
Calculate the highest common divisor of 40 and 1570.
10
What is the highest common factor of 2671 and 2?
1
Calculate the greatest common factor of 323 and 38.
19
What is the highest common divisor of 27 and 414?
9
Calculate the greatest common divisor of 238 and 204.
34
What is the greatest common divisor of 460 and 1800?
20
What is the greatest common divisor of 19201 and 91?
91
Calculate the highest common factor of 4438 and 7.
7
Calculate the greatest common divisor of 122 and 6.
2
What is the greatest common divisor of 40 and 110?
10
What is the greatest common divisor of 3018 and 6?
6
What is the greatest common factor of 14 and 4816?
14
What is the highest common divisor of 30 and 230?
10
What is the highest common factor of 4 and 94?
2
What is the greatest common divisor of 7728 and 560?
112
What is the highest common divisor of 48 and 816?
48
What is the highest common factor of 114 and 6?
6
What is the highest common factor of 65 and 364?
13
What is the highest common divisor of 168 and 48?
24
What is the highest common divisor of 2880 and 90?
90
Calculate the highest common factor of 16 and 6112.
16
What is the highest common factor of 2002 and 44?
22
What is the highest common divisor of 39 and 663?
39
What is the greatest common factor of 1 and 331?
1
Calculate the highest common divisor of 27 and 1.
1
What is the highest common divisor of 2660 and 38?
38
Calculate the highest common factor of 16 and 104.
8
Calculate the greatest common divisor of 245 and 2548.
49
Calculate the greatest common divisor of 111 and 8621.
37
What is the greatest common divisor of 11033 and 187?
187
Calculate the highest common factor of 1030 and 10.
10
Calculate the highest common factor of 138 and 6.
6
What is the greatest common divisor of 6 and 3036?
6
What is the highest common divisor of 2 and 183?
1
What is the greatest comm